t s(y) = 5*h(y) + 6*n(y). List the prime factors of s(6).
2
Let m(h) = 2*h + 1. What are the prime factors of m(11)?
23
Let u(k) = 11*k + 1. Let h be u(-1). Let x = h + 17. Let c = 18 - x. What are the prime factors of c?
11
Suppose -17*k - 2 = -18*k. What are the prime factors of k?
2
Suppose 1 + 1 = k. Suppose 2*y - 1 = 3*n + 4*y, 4*n - k*y = -6. List the prime factors of 4/6*(n + 19).
2, 3
Let o = 1 + 0. Suppose -9 = d - 0*t - t, 15 = -d + 4*t. List the prime factors of (-1)/o - (d + -1).
7
Let q(g) = -g**3 + 10*g**2 - 12*g + 8. List the prime factors of q(7).
71
Let x = -6 - -6. Suppose -5*s + s + 48 = x. What are the prime factors of s?
2, 3
Let f = -45 + -85. List the prime factors of 4/(-5)*f/4.
2, 13
Let g = 114 - 66. What are the prime factors of g?
2, 3
Let p = 8 - -10. What are the prime factors of p?
2, 3
Let q = 19 - -17. List the prime factors of q.
2, 3
Suppose -4*c = 4*t - 96, 3*c + 0*c + t - 72 = 0. Suppose 4*m - c = m. List the prime factors of (28/6)/(m/12).
7
Let t = 157 + -79. List the prime factors of t.
2, 3, 13
Suppose -l + 14 = 12. What are the prime factors of l?
2
List the prime factors of (6/7)/(7/294).
2, 3
Suppose 0*n = 3*n - 120. Suppose -s + n = 4*s. List the prime factors of s.
2
Let a = 0 - -5. Let g(p) = p + 11. Let b be g(-9). Suppose 5*z = -f, z + 27 - a = b*f. List the prime factors of f.
2, 5
Let n be 21*(-4 + (-11)/(-3)). Let q(y) = -3*y + 1. Let b(m) = -4*m. Let i(g) = 4*b(g) - 5*q(g). What are the prime factors of i(n)?
2
Let w be -1*(-3)/(-2)*-2. Suppose -20 = 2*g - 0. Let j = w - g. List the prime factors of j.
13
Let a = -16 - -36. Suppose -c + 2 = 0, -a = 2*r - 7*r + 5*c. Let l(x) = -x**2 + 7*x - 2. What are the prime factors of l(r)?
2
Let p(z) = -z**2 + 13*z - 9. What are the prime factors of p(8)?
31
Let i = -5 - -98. List the prime factors of i.
3, 31
Let x(n) = -3*n**3 - 4*n**2 - 3*n - 2. Let f be x(-2). Let m = 0 + f. What are the prime factors of m?
2, 3
Let t(j) = 12*j**3 - 4*j**2 + 2*j + 2. Let d be t(2). What are the prime factors of 4/10 + d/10?
3
Suppose -20 = -2*n + w - 6*w, -3*w - 19 = -5*n. Let s = 22 - n. List the prime factors of s.
17
Let o = -1 + 3. Let f be (-2 - -6 - o) + 3. Suppose -17 = -f*h + 3. List the prime factors of h.
2
Let i(g) = 2*g**3 - 6*g**2 + 4*g - 10. Suppose 5 = j + 1. List the prime factors of i(j).
2, 19
Suppose 5*a - 5*y = 325, a - 90 = -y - 3*y. What are the prime factors of a?
2, 5, 7
Let d = 4 + 157. What are the prime factors of d?
7, 23
Let o = 147 + -67. List the prime factors of o.
2, 5
Suppose 2*i - 2*m = 126, 275 = 7*i - 2*i + 5*m. Let f = i + -31. What are the prime factors of f?
2, 7
Let o be ((-1)/(-1))/(1/185). Suppose -3*b = 65 - o. What are the prime factors of b?
2, 5
Suppose 2*i + 2*z - 124 = 0, 0*i = -2*i + 3*z + 114. What are the prime factors of i?
2, 3, 5
Let r(d) = -d**2 - 8*d + 13. Let v be (-2 + 11)*1*-1. What are the prime factors of r(v)?
2
List the prime factors of (((-3390)/5)/(-3))/2.
113
Let d(j) = -j**2 + 7*j + 12. Let u be d(9). Let q(o) = -o**3 - 6*o**2 - 3*o - 9. List the prime factors of q(u).
3
What are the prime factors of 30/(-9)*(-30)/4?
5
Let b(c) = -c**2 + 3. Let g be b(-4). Let z = -27 - g. Let r = z - -20. List the prime factors of r.
2, 3
Let t be (-1788)/(-16) + (-3)/(-12). Let v = t - 77. List the prime factors of v.
5, 7
Let r(y) be the second derivative of -1/2*y**3 + 0 + 1/6*y**4 + 3*y + y**2. What are the prime factors of r(2)?
2
Let w = 5 + -2. Let p(s) = s**3 - 3*s. Let g(k) = 3*k**3 - 9*k - 1. Let i(o) = -2*g(o) + 7*p(o). What are the prime factors of i(w)?
2, 5
Let d(c) be the first derivative of c**6/120 - c**5/15 - c**4/8 - c**3/3 - c**2 + 2. Let o(w) be the second derivative of d(w). List the prime factors of o(5).
2
Let p = 0 + 3. Suppose 0 = p*k + g + 37, k + 15 = -5*g + 2*g. Let s = k + 22. What are the prime factors of s?
2, 5
Let z be -45*(4/(-4) + 0). Let o(n) = 16*n - 3. Let a be o(2). Let u = z - a. What are the prime factors of u?
2
Suppose -6*h + 63 = -15*h. Let n be 2 + 4*2 - 0. Let y = n + h. List the prime factors of y.
3
Let f be (2 - 2)/3 + 0. Suppose f = 4*d - d + 18. What are the prime factors of (-92)/(-12) - 2/d?
2
Let f(q) = 2*q. Let n be f(2). Let s = n - 2. Suppose 0 = 2*x + o - 3, s*x - 2 + 3 = -5*o. What are the prime factors of x?
2
Let d(p) = 3*p**2 + 4*p - 3. Let z be d(2). Suppose w = 2*b + z, -4*w + 3*w + 5*b = -32. List the prime factors of w.
7
Let o(y) = y**3 - 5*y**2 - y + 7. What are the prime factors of o(5)?
2
Suppose -8 = -2*t - 4*u, 4 = -4*t - t - 2*u. Let s be (0/t)/(2/2). Suppose s = w + 2 - 14. What are the prime factors of w?
2, 3
Suppose 7*l - 92 = 6*l. What are the prime factors of l?
2, 23
Let j(h) = -6*h**2 - 3*h + 1. Let g be j(-2). Let y = 25 + g. List the prime factors of y.
2
Let o(s) = -s**3 + 4*s**2. Let x be o(4). Suppose -b = -4, x*k + k + 5*b = 43. List the prime factors of k.
23
Let v = 9 + -8. Let m = v - -3. Suppose 2*n + s = 23, 1 = -4*n - m*s + 57. List the prime factors of n.
3
Let k(x) = -8 - 5*x**2 + 10 + x**3 + x + 3. What are the prime factors of k(5)?
2, 5
Let w = -91 + 369. What are the prime factors of w?
2, 139
Let c(n) = 20*n + 2. Let j be c(2). Let y = 62 - j. List the prime factors of y.
2, 5
Let q = -11 + 27. List the prime factors of q.
2
Let d(m) = 2*m - 12. Let n be (-4)/4 - (-11 + 0). Let f be d(n). Suppose 4*y = f, 2*y - 31 = -2*o - 1. List the prime factors of o.
13
Suppose -h - 77 = -2*x, x + 3*x - 129 = -3*h. List the prime factors of x.
2, 3
List the prime factors of 1*(1 + 46 - 3).
2, 11
Let n(j) be the second derivative of -j**3/6 - j**2/2 + 3*j. List the prime factors of n(-9).
2
What are the prime factors of (-10)/8 - ((-963)/12 - -2)?
7, 11
Suppose d = 4 - 5. Let g = 3 - d. Suppose 19 = 2*s - v - 0, 8 = g*s + 4*v. List the prime factors of s.
7
Suppose -2*d = 5*n - 185 - 36, 5*n + 271 = 2*d. List the prime factors of d.
3, 41
Let r(w) = -6*w. Let d be r(-2). List the prime factors of (7/4)/(3/d).
7
Let k = 1 + 4. What are the prime factors of k?
5
Let f(q) = -q**3 - 11*q**2 - 7*q + 2. Let y be f(-10). Let o = 43 + y. List the prime factors of o.
3, 5
Suppose 6*u - 180 - 48 = 0. List the prime factors of u.
2, 19
Let t = -15 + 15. Suppose -4*n = -5*a + 64 + 16, t = 3*n - 15. What are the prime factors of a?
2, 5
Let o(b) = -5*b**3 - b**2 + b - 8. What are the prime factors of o(-3)?
5, 23
Suppose 49 = -2*d - d - 5*m, 5*d + 5*m = -85. What are the prime factors of 60/27 - (-4)/d?
2
Suppose -2*i - 366 = -5*y, 3*y + 2*i + 2*i = 204. What are the prime factors of y?
2, 3
Suppose -2*b + 3*f + 114 = 0, 0*f + 201 = 3*b + 3*f. What are the prime factors of 6/b*-9*-49?
2, 3, 7
Let v be 1/2 + (-133)/(-14). Suppose -2*p + v + 17 = 3*z, -3*p + 48 = 3*z. List the prime factors of p.
3, 7
Let a = -201 + 114. Let z = a + -111. What are the prime factors of z/(-12)*2/3?
11
Let m = -81 - -49. Let t = -16 - m. What are the prime factors of t?
2
Let x(u) = u - 5. Let a be x(4). Let d be (a + 0)/(-4 - -3). What are the prime factors of (21 + -1 + -3)/d?
17
Suppose 3*j = 3*n - 24, 3*n - j - 9 = -3*j. Let a(t) = t**2 - 4*t + 4. Let d be a(n). Suppose 3*y - 5*y = -v + d, -29 = -5*v + 2*y. List the prime factors of v.
5
Suppose 3*g + 2 + 10 = 0. Let r = 4 - g. List the prime factors of r.
2
Let t = -5 - -42. Let l = -22 + t. List the prime factors of l.
3, 5
What are the prime factors of -7 + (1 - -1) + 342?
337
Suppose y + 2*y - 131 = -2*c, 4*y + 5*c = 163. Let n = -26 + y. List the prime factors of n.
3, 7
Suppose 0 = 106*a - 105*a - 14. What are the prime factors of a?
2, 7
Suppose -4*r + k + 35 = -4*k, -k = -5*r + 28. What are the prime factors of r*(9/3 - 0)?
3, 5
Suppose 4*n = -4 - 16. Let c(h) = 2*h**3 + h**2 - 4*h - 3. Let t be c(-2). Let b = n - t. List the prime factors of b.
2
Suppose 4*c - 4 = -3*y + 3, -4*c = 5*y - 17. List the prime factors of y.
5
Let i(k) = 2*k + 3. Let m(r) = -4*r - 6. Let l(j) = -5*i(j) - 2*m(j). What are the prime factors of l(-3)?
3
Suppose 3*v = -4*w + 58, 2*v + 2*w = -2*w + 32. What are the prime factors of v?
2, 13
Let j(z) = -3*z + z**2 + z**3 - z + 22 - 3*z + 6*z. What are the prime factors of j(0)?
2, 11
Let l be 1 + (90/(-3))/(-3). Let r = l + 7. List the prime factors of r.
2, 3
Suppose 12 = 